{"id":2125,"date":"2025-12-02T16:14:20","date_gmt":"2025-12-02T16:14:20","guid":{"rendered":"https:\/\/pruebas.dosesferascomunicacion.com\/?page_id=2125"},"modified":"2025-12-18T15:58:36","modified_gmt":"2025-12-18T15:58:36","slug":"desarrollo-diseno-web","status":"publish","type":"page","link":"https:\/\/pruebas.dosesferascomunicacion.com\/index.php\/desarrollo-diseno-web\/","title":{"rendered":"Desarrollo &amp; Dise\u00f1o Web"},"content":{"rendered":"\t\t<div data-elementor-type=\"wp-page\" data-elementor-id=\"2125\" class=\"elementor elementor-2125\" data-elementor-post-type=\"page\">\n\t\t\t\t<div class=\"elementor-element elementor-element-fb21ae0 e-flex e-con-boxed e-con e-parent\" data-id=\"fb21ae0\" data-element_type=\"container\" data-settings=\"{&quot;background_background&quot;:&quot;classic&quot;}\">\n\t\t\t\t\t<div class=\"e-con-inner\">\n\t\t<div class=\"elementor-element elementor-element-94f5a2b e-con-full e-flex e-con e-child\" data-id=\"94f5a2b\" data-element_type=\"container\">\n\t\t\t\t<div class=\"elementor-element elementor-element-e42d971 elementor-widget__width-initial elementor-widget elementor-widget-text-editor\" data-id=\"e42d971\" data-element_type=\"widget\" data-widget_type=\"text-editor.default\">\n\t\t\t\t\t\t\t\t\t<p>agencia<\/p>\t\t\t\t\t\t\t\t<\/div>\n\t\t\t\t<\/div>\n\t\t<div class=\"elementor-element elementor-element-67732e2 e-con-full e-flex e-con e-child\" data-id=\"67732e2\" data-element_type=\"container\">\n\t\t\t\t<div class=\"elementor-element elementor-element-3a97b17 elementor-widget__width-inherit elementor-widget elementor-widget-html\" data-id=\"3a97b17\" data-element_type=\"widget\" data-widget_type=\"html.default\">\n\t\t\t\t\t<h1 class=\"animated-title\">\r\n  <strong>d<\/strong><strong>e<\/strong><strong>s<\/strong>\r\n  <strong>a<\/strong><strong>r<\/strong><strong>r<\/strong><strong>o<\/strong><strong>ll<\/strong><strong>o<\/strong>\r\n<\/h1>\r\n\r\n<style>\r\n.animated-title {\r\n  font-size: 105px;\r\n  font-family: 'Poppins', sans-serif;\r\n  display: flex;\r\n  justify-content: center; \/* centrado horizontal *\/\r\n  flex-wrap: wrap;\r\n  gap: 5px;\r\n  line-height: 1.2;\r\n  text-align: center; \/* centrado de texto *\/\r\n}\r\n\r\n.animated-title strong,\r\n.animated-title span {\r\n  display: inline-block;\r\n  transform: translateY(100%);\r\n  opacity: 0;\r\n  transition: all 0.4s ease;\r\n}\r\n\r\n\/* Animaci\u00f3n: mostrar letras *\/\r\n.animated-title .show {\r\n  transform: translateY(0);\r\n  opacity: 1;\r\n}\r\n\r\n\/* \ud83d\udd39 Versi\u00f3n m\u00f3vil *\/\r\n@media (max-width: 768px) {\r\n  .animated-title {\r\n    font-size: 50px; \/* Tama\u00f1o reducido *\/\r\n    gap: 3px; \/* Menor espacio entre letras *\/\r\n    line-height: 1.1;\r\n  }\r\n}\r\n<\/style>\r\n\r\n<script>\r\nconst letters = document.querySelectorAll('.animated-title strong, .animated-title span');\r\n\r\nletters.forEach((letter, i) => {\r\n  setTimeout(() => {\r\n    letter.classList.add('show');\r\n  }, i * 100); \/\/ retraso en cascada\r\n});\r\n<\/script>\r\n\t\t\t\t<\/div>\n\t\t\t\t<div class=\"elementor-element elementor-element-8ad185a elementor-widget__width-inherit elementor-widget elementor-widget-html\" data-id=\"8ad185a\" data-element_type=\"widget\" data-widget_type=\"html.default\">\n\t\t\t\t\t<h1 class=\"animated-title-2\">\r\n  <span>d<\/span><span>i<\/span><span>s<\/span><span>e<\/span><span>\u00f1<\/span><span>o<\/span><strong>w<\/strong><strong>e<\/strong><strong>b<\/strong>\r\n<\/h1>\r\n\r\n<style>\r\n.animated-title-2 {\r\n  font-size: 105px;\r\n  font-family: 'Poppins', sans-serif;\r\n  display: flex;\r\n  justify-content: center; \/* centrado horizontal *\/\r\n  flex-wrap: wrap;\r\n  gap: 5px;\r\n  line-height: 1.2;\r\n  text-align: center; \/* centrado de texto *\/\r\n}\r\n\r\n.animated-title-2 strong,\r\n.animated-title-2 span {\r\n  display: inline-block;\r\n  transform: translateY(100%);\r\n  opacity: 0;\r\n  transition: all 0.4s ease;\r\n}\r\n\r\n\/* Animaci\u00f3n: mostrar letras *\/\r\n.animated-title-2 .show {\r\n  transform: translateY(0);\r\n  opacity: 1;\r\n}\r\n\r\n\/* \ud83d\udd39 Versi\u00f3n m\u00f3vil *\/\r\n@media (max-width: 768px) {\r\n  .animated-title-2 {\r\n    font-size: 50px; \/* Tama\u00f1o reducido *\/\r\n    gap: 3px; \/* Menor espacio entre letras *\/\r\n    line-height: 1.1;\r\n  }\r\n}\r\n<\/style>\r\n\r\n<script>\r\ndocument.addEventListener('DOMContentLoaded', () => {\r\n  const letters = document.querySelectorAll('.animated-title-2 strong, .animated-title-2 span');\r\n  letters.forEach((letter, i) => {\r\n    setTimeout(() => {\r\n      letter.classList.add('show');\r\n    }, i * 100); \/\/ retraso en cascada\r\n  });\r\n});\r\n<\/script>\r\n\t\t\t\t<\/div>\n\t\t\t\t<\/div>\n\t\t<div class=\"elementor-element elementor-element-f221568 e-con-full e-flex e-con e-child\" data-id=\"f221568\" data-element_type=\"container\">\n\t\t\t\t<div class=\"elementor-element elementor-element-479d907 elementor-widget__width-initial elementor-widget elementor-widget-text-editor\" data-id=\"479d907\" data-element_type=\"widget\" data-widget_type=\"text-editor.default\">\n\t\t\t\t\t\t\t\t\t<p>creativa<\/p>\t\t\t\t\t\t\t\t<\/div>\n\t\t\t\t<\/div>\n\t\t\t\t\t<\/div>\n\t\t\t\t<\/div>\n\t\t<div class=\"elementor-element elementor-element-499cedf e-flex e-con-boxed e-con e-parent\" data-id=\"499cedf\" data-element_type=\"container\" data-settings=\"{&quot;background_background&quot;:&quot;classic&quot;}\">\n\t\t\t\t\t<div class=\"e-con-inner\">\n\t\t\t\t<div class=\"elementor-element elementor-element-df7fd1b elementor-widget__width-initial elementor-widget-mobile__width-inherit elementor-widget elementor-widget-text-editor\" data-id=\"df7fd1b\" data-element_type=\"widget\" data-widget_type=\"text-editor.default\">\n\t\t\t\t\t\t\t\t\t<p>Cuando todos crean p\u00e1ginas, nosotros construimos experiencias.<\/p>\t\t\t\t\t\t\t\t<\/div>\n\t\t\t\t<div class=\"elementor-element elementor-element-d4e1508 elementor-widget__width-initial elementor-widget-mobile__width-inherit elementor-widget elementor-widget-text-editor\" data-id=\"d4e1508\" data-element_type=\"widget\" data-widget_type=\"text-editor.default\">\n\t\t\t\t\t\t\t\t\t<article class=\"text-token-text-primary w-full focus:outline-none [--shadow-height:45px] has-data-writing-block:pointer-events-none has-data-writing-block:-mt-(--shadow-height) has-data-writing-block:pt-(--shadow-height) [&amp;:has([data-writing-block])&gt;*]:pointer-events-auto scroll-mt-[calc(var(--header-height)+min(200px,max(70px,20svh)))]\" dir=\"auto\" tabindex=\"-1\" data-turn-id=\"request-6929bad6-c400-8326-aee5-1f032e2cc29f-7\" data-testid=\"conversation-turn-24\" data-scroll-anchor=\"true\" data-turn=\"assistant\"><div class=\"text-base my-auto mx-auto pb-10 [--thread-content-margin:--spacing(4)] thread-sm:[--thread-content-margin:--spacing(6)] thread-lg:[--thread-content-margin:--spacing(16)] px-(--thread-content-margin)\"><div class=\"[--thread-content-max-width:40rem] thread-lg:[--thread-content-max-width:48rem] mx-auto max-w-(--thread-content-max-width) flex-1 group\/turn-messages focus-visible:outline-hidden relative flex w-full min-w-0 flex-col agent-turn\" tabindex=\"-1\"><div class=\"flex max-w-full flex-col grow\"><div class=\"min-h-8 text-message relative flex w-full flex-col items-end gap-2 text-start break-words whitespace-normal [.text-message+&amp;]:mt-1\" dir=\"auto\" data-message-author-role=\"assistant\" data-message-id=\"ecb9bd7f-87ae-4dce-a029-4909c1ffc901\" data-message-model-slug=\"gpt-5-1\"><div class=\"flex w-full flex-col gap-1 empty:hidden first:pt-[1px]\"><div class=\"markdown prose dark:prose-invert w-full break-words light markdown-new-styling\"><p data-start=\"87\" data-end=\"214\" data-is-last-node=\"\" data-is-only-node=\"\">Webs que nacen del prop\u00f3sito y crecen en cada interacci\u00f3n.<\/p><\/div><\/div><\/div><\/div><\/div><\/div><\/article>\t\t\t\t\t\t\t\t<\/div>\n\t\t\t\t\t<\/div>\n\t\t\t\t<\/div>\n\t\t<div class=\"elementor-element elementor-element-4961e89 e-flex e-con-boxed e-con e-parent\" data-id=\"4961e89\" data-element_type=\"container\" data-settings=\"{&quot;background_background&quot;:&quot;classic&quot;}\">\n\t\t\t\t\t<div class=\"e-con-inner\">\n\t\t\t\t<div class=\"elementor-element elementor-element-c2e6730 elementor-skin-coverflow elementor-widget__width-initial elementor-widget elementor-widget-media-carousel\" data-id=\"c2e6730\" data-element_type=\"widget\" data-settings=\"{&quot;skin&quot;:&quot;coverflow&quot;,&quot;speed&quot;:500,&quot;autoplay&quot;:&quot;yes&quot;,&quot;autoplay_speed&quot;:5000,&quot;loop&quot;:&quot;yes&quot;,&quot;pause_on_hover&quot;:&quot;yes&quot;,&quot;pause_on_interaction&quot;:&quot;yes&quot;,&quot;space_between&quot;:{&quot;unit&quot;:&quot;px&quot;,&quot;size&quot;:10,&quot;sizes&quot;:[]},&quot;space_between_tablet&quot;:{&quot;unit&quot;:&quot;px&quot;,&quot;size&quot;:10,&quot;sizes&quot;:[]},&quot;space_between_mobile&quot;:{&quot;unit&quot;:&quot;px&quot;,&quot;size&quot;:10,&quot;sizes&quot;:[]}}\" data-widget_type=\"media-carousel.default\">\n\t\t\t\t<div class=\"elementor-widget-container\">\n\t\t\t\t\t\t\t<div class=\"elementor-swiper\">\n\t\t\t<div class=\"elementor-main-swiper swiper-container\">\n\t\t\t\t<div class=\"swiper-wrapper\">\n\t\t\t\t\t\t\t\t\t\t\t<div class=\"swiper-slide\">\n\t\t\t\t\t\t\t\t\t<div class=\"elementor-carousel-image\" role=\"img\" aria-label=\"mockups dos esferas (1)\" style=\"background-image: url(&#039;https:\/\/pruebas.dosesferascomunicacion.com\/wp-content\/uploads\/2025\/11\/mockups-dos-esferas-1.jpg&#039;)\">\n\n\t\t\t\n\t\t\t\t\t<\/div>\n\t\t\t\t\t\t\t\t<\/div>\n\t\t\t\t\t\t\t\t\t\t\t<div class=\"swiper-slide\">\n\t\t\t\t\t\t\t\t\t<div class=\"elementor-carousel-image\" role=\"img\" aria-label=\"mockups dos esferas (7)\" style=\"background-image: url(&#039;https:\/\/pruebas.dosesferascomunicacion.com\/wp-content\/uploads\/2025\/11\/mockups-dos-esferas-7.jpg&#039;)\">\n\n\t\t\t\n\t\t\t\t\t<\/div>\n\t\t\t\t\t\t\t\t<\/div>\n\t\t\t\t\t\t\t\t\t\t\t<div class=\"swiper-slide\">\n\t\t\t\t\t\t\t\t\t<div class=\"elementor-carousel-image\" role=\"img\" aria-label=\"mockups dos esferas (16)\" style=\"background-image: url(&#039;https:\/\/pruebas.dosesferascomunicacion.com\/wp-content\/uploads\/2025\/12\/mockups-dos-esferas-16.jpg&#039;)\">\n\n\t\t\t\n\t\t\t\t\t<\/div>\n\t\t\t\t\t\t\t\t<\/div>\n\t\t\t\t\t\t\t\t\t\t\t<div class=\"swiper-slide\">\n\t\t\t\t\t\t\t\t\t<div class=\"elementor-carousel-image\" role=\"img\" aria-label=\"mockups dos esferas (15)\" style=\"background-image: url(&#039;https:\/\/pruebas.dosesferascomunicacion.com\/wp-content\/uploads\/2025\/12\/mockups-dos-esferas-15.jpg&#039;)\">\n\n\t\t\t\n\t\t\t\t\t<\/div>\n\t\t\t\t\t\t\t\t<\/div>\n\t\t\t\t\t\t\t\t\t\t\t<div class=\"swiper-slide\">\n\t\t\t\t\t\t\t\t\t<div class=\"elementor-carousel-image\" role=\"img\" aria-label=\"mockups dos esferas (17)\" style=\"background-image: url(&#039;https:\/\/pruebas.dosesferascomunicacion.com\/wp-content\/uploads\/2025\/12\/mockups-dos-esferas-17.jpg&#039;)\">\n\n\t\t\t\n\t\t\t\t\t<\/div>\n\t\t\t\t\t\t\t\t<\/div>\n\t\t\t\t\t\t\t\t\t\t\t<div class=\"swiper-slide\">\n\t\t\t\t\t\t\t\t\t<div class=\"elementor-carousel-image\" role=\"img\" aria-label=\"mockup-vif\" style=\"background-image: url(&#039;https:\/\/pruebas.dosesferascomunicacion.com\/wp-content\/uploads\/2025\/12\/mockup-vif.jpg&#039;)\">\n\n\t\t\t\n\t\t\t\t\t<\/div>\n\t\t\t\t\t\t\t\t<\/div>\n\t\t\t\t\t\t\t\t\t<\/div>\n\t\t\t\t\t\t\t\t\t\t\t\t\t\t\t\t\t\t\t\t\t<\/div>\n\t\t<\/div>\n\t\t\t\t\t\t<\/div>\n\t\t\t\t<\/div>\n\t\t\t\t\t<\/div>\n\t\t\t\t<\/div>\n\t\t<div class=\"elementor-element elementor-element-09c581f e-flex e-con-boxed e-con e-parent\" data-id=\"09c581f\" data-element_type=\"container\" data-settings=\"{&quot;background_background&quot;:&quot;classic&quot;}\">\n\t\t\t\t\t<div class=\"e-con-inner\">\n\t\t\t\t<div class=\"elementor-element elementor-element-339ce61 e-grid-align-left e-grid-align-mobile-center elementor-shape-rounded elementor-grid-0 elementor-widget elementor-widget-social-icons\" data-id=\"339ce61\" data-element_type=\"widget\" data-widget_type=\"social-icons.default\">\n\t\t\t\t\t\t\t<div class=\"elementor-social-icons-wrapper elementor-grid\" role=\"list\">\n\t\t\t\t\t\t\t<span class=\"elementor-grid-item\" role=\"listitem\">\n\t\t\t\t\t<a class=\"elementor-icon elementor-social-icon elementor-social-icon-facebook elementor-repeater-item-c730b36\" href=\"https:\/\/www.facebook.com\/DosEsferas\" target=\"_blank\">\n\t\t\t\t\t\t<span class=\"elementor-screen-only\">Facebook<\/span>\n\t\t\t\t\t\t<svg aria-hidden=\"true\" class=\"e-font-icon-svg e-fab-facebook\" viewBox=\"0 0 512 512\" xmlns=\"http:\/\/www.w3.org\/2000\/svg\"><path d=\"M504 256C504 119 393 8 256 8S8 119 8 256c0 123.78 90.69 226.38 209.25 245V327.69h-63V256h63v-54.64c0-62.15 37-96.48 93.67-96.48 27.14 0 55.52 4.84 55.52 4.84v61h-31.28c-30.8 0-40.41 19.12-40.41 38.73V256h68.78l-11 71.69h-57.78V501C413.31 482.38 504 379.78 504 256z\"><\/path><\/svg>\t\t\t\t\t<\/a>\n\t\t\t\t<\/span>\n\t\t\t\t\t\t\t<span class=\"elementor-grid-item\" role=\"listitem\">\n\t\t\t\t\t<a class=\"elementor-icon elementor-social-icon elementor-social-icon-x-twitter elementor-repeater-item-b7b37d7\" href=\"https:\/\/twitter.com\/DosEsferas\" target=\"_blank\">\n\t\t\t\t\t\t<span class=\"elementor-screen-only\">X-twitter<\/span>\n\t\t\t\t\t\t<svg aria-hidden=\"true\" class=\"e-font-icon-svg e-fab-x-twitter\" viewBox=\"0 0 512 512\" xmlns=\"http:\/\/www.w3.org\/2000\/svg\"><path d=\"M389.2 48h70.6L305.6 224.2 487 464H345L233.7 318.6 106.5 464H35.8L200.7 275.5 26.8 48H172.4L272.9 180.9 389.2 48zM364.4 421.8h39.1L151.1 88h-42L364.4 421.8z\"><\/path><\/svg>\t\t\t\t\t<\/a>\n\t\t\t\t<\/span>\n\t\t\t\t\t\t\t<span class=\"elementor-grid-item\" role=\"listitem\">\n\t\t\t\t\t<a class=\"elementor-icon elementor-social-icon elementor-social-icon-linkedin elementor-repeater-item-4695317\" href=\"https:\/\/www.linkedin.com\/company\/dos-esferas\/\" target=\"_blank\">\n\t\t\t\t\t\t<span class=\"elementor-screen-only\">Linkedin<\/span>\n\t\t\t\t\t\t<svg aria-hidden=\"true\" class=\"e-font-icon-svg e-fab-linkedin\" viewBox=\"0 0 448 512\" xmlns=\"http:\/\/www.w3.org\/2000\/svg\"><path d=\"M416 32H31.9C14.3 32 0 46.5 0 64.3v383.4C0 465.5 14.3 480 31.9 480H416c17.6 0 32-14.5 32-32.3V64.3c0-17.8-14.4-32.3-32-32.3zM135.4 416H69V202.2h66.5V416zm-33.2-243c-21.3 0-38.5-17.3-38.5-38.5S80.9 96 102.2 96c21.2 0 38.5 17.3 38.5 38.5 0 21.3-17.2 38.5-38.5 38.5zm282.1 243h-66.4V312c0-24.8-.5-56.7-34.5-56.7-34.6 0-39.9 27-39.9 54.9V416h-66.4V202.2h63.7v29.2h.9c8.9-16.8 30.6-34.5 62.9-34.5 67.2 0 79.7 44.3 79.7 101.9V416z\"><\/path><\/svg>\t\t\t\t\t<\/a>\n\t\t\t\t<\/span>\n\t\t\t\t\t\t\t<span class=\"elementor-grid-item\" role=\"listitem\">\n\t\t\t\t\t<a class=\"elementor-icon elementor-social-icon elementor-social-icon-instagram elementor-repeater-item-6c2f97e\" href=\"https:\/\/www.instagram.com\/dosesferas\/\" target=\"_blank\">\n\t\t\t\t\t\t<span class=\"elementor-screen-only\">Instagram<\/span>\n\t\t\t\t\t\t<svg aria-hidden=\"true\" class=\"e-font-icon-svg e-fab-instagram\" viewBox=\"0 0 448 512\" xmlns=\"http:\/\/www.w3.org\/2000\/svg\"><path d=\"M224.1 141c-63.6 0-114.9 51.3-114.9 114.9s51.3 114.9 114.9 114.9S339 319.5 339 255.9 287.7 141 224.1 141zm0 189.6c-41.1 0-74.7-33.5-74.7-74.7s33.5-74.7 74.7-74.7 74.7 33.5 74.7 74.7-33.6 74.7-74.7 74.7zm146.4-194.3c0 14.9-12 26.8-26.8 26.8-14.9 0-26.8-12-26.8-26.8s12-26.8 26.8-26.8 26.8 12 26.8 26.8zm76.1 27.2c-1.7-35.9-9.9-67.7-36.2-93.9-26.2-26.2-58-34.4-93.9-36.2-37-2.1-147.9-2.1-184.9 0-35.8 1.7-67.6 9.9-93.9 36.1s-34.4 58-36.2 93.9c-2.1 37-2.1 147.9 0 184.9 1.7 35.9 9.9 67.7 36.2 93.9s58 34.4 93.9 36.2c37 2.1 147.9 2.1 184.9 0 35.9-1.7 67.7-9.9 93.9-36.2 26.2-26.2 34.4-58 36.2-93.9 2.1-37 2.1-147.8 0-184.8zM398.8 388c-7.8 19.6-22.9 34.7-42.6 42.6-29.5 11.7-99.5 9-132.1 9s-102.7 2.6-132.1-9c-19.6-7.8-34.7-22.9-42.6-42.6-11.7-29.5-9-99.5-9-132.1s-2.6-102.7 9-132.1c7.8-19.6 22.9-34.7 42.6-42.6 29.5-11.7 99.5-9 132.1-9s102.7-2.6 132.1 9c19.6 7.8 34.7 22.9 42.6 42.6 11.7 29.5 9 99.5 9 132.1s2.7 102.7-9 132.1z\"><\/path><\/svg>\t\t\t\t\t<\/a>\n\t\t\t\t<\/span>\n\t\t\t\t\t<\/div>\n\t\t\t\t\t\t<\/div>\n\t\t\t\t<div class=\"elementor-element elementor-element-76ebd09 elementor-widget__width-initial elementor-widget-mobile__width-inherit elementor-widget elementor-widget-text-editor\" data-id=\"76ebd09\" data-element_type=\"widget\" data-widget_type=\"text-editor.default\">\n\t\t\t\t\t\t\t\t\t<p data-start=\"234\" data-end=\"428\">Creamos p\u00e1ginas web que no solo se ven bien, sino que funcionan, conectan y convierten. Dise\u00f1amos experiencias digitales pensadas para impulsar tu marca y facilitar el crecimiento de tu negocio.<\/p>\t\t\t\t\t\t\t\t<\/div>\n\t\t\t\t\t<\/div>\n\t\t\t\t<\/div>\n\t\t<div class=\"elementor-element elementor-element-9e83082 textos-destacados e-con-full e-flex e-con e-parent\" data-id=\"9e83082\" data-element_type=\"container\" data-settings=\"{&quot;background_background&quot;:&quot;classic&quot;,&quot;animation&quot;:&quot;none&quot;}\">\n\t\t\t\t<div class=\"elementor-element elementor-element-0a502e4 elementor-widget__width-initial elementor-widget-mobile__width-inherit elementor-invisible elementor-widget elementor-widget-html\" data-id=\"0a502e4\" data-element_type=\"widget\" data-settings=\"{&quot;_animation&quot;:&quot;fadeInDown&quot;}\" data-widget_type=\"html.default\">\n\t\t\t\t\t<style> \r\n.bloque-servicio { \r\n  text-align: center; \r\n  margin-bottom: 40px;\r\n  font-family: 'Poppins', sans-serif;\r\n}\r\n\r\n.bloque-servicio h2 { \r\n  font-size: 45px; \r\n  font-weight: 700; \r\n  cursor: pointer; \r\n  transition: color .3s ease, transform .3s ease;\r\n  \r\n  font-family: 'Poppins', sans-serif;\r\n} \r\n\r\n.bloque-servicio:hover h2 { \r\n  color: #12284c; \r\n  transform: scale(1.05); \r\n} \r\n\r\n\r\n\r\n\/* Hover: aparece el contenedor + fade *\/\r\n.bloque-servicio:hover .imagen-hover {\r\n  display: block;\r\n}\r\n\r\n\r\n<\/style>\r\n\r\n\r\n\r\n<div class=\"bloque-servicio\">\r\n  <h2>\/dise\u00f1o web  <span style=\"color:#12284c\">    profesional<\/span><\/h2>\r\n  <p>Creamos sitios web atractivos, modernos y adaptados a la identidad de tu marca. Cada dise\u00f1o est\u00e1 pensado para comunicar, guiar al usuario y generar impacto desde el primer clic.<\/p>\r\n \r\n<\/div>\r\n\r\n<div class=\"bloque-servicio\">\r\n  <h2>\/desarrollo web a <span style=\"color:#12284c\">medida<\/span><\/h2>\r\n   <p>Construimos webs funcionales, r\u00e1pidas y seguras utilizando tecnolog\u00edas actuales. Desde p\u00e1ginas corporativas hasta plataformas m\u00e1s avanzadas, nos adaptamos a tus necesidades.<\/p>\r\n\r\n<\/div>\r\n\r\n<div class=\"bloque-servicio\">\r\n  <h2>\/webs <span style=\"color:#12284c\">responsive<\/span><\/h2>\r\n  <p>Tu web estar\u00e1 optimizada para cualquier dispositivo: m\u00f3vil, tablet o escritorio. Garantizamos una experiencia fluida y accesible en todos los formatos.<\/p>\r\n<\/div>\r\n\r\n<div class=\"bloque-servicio\">\r\n  <h2>\/integraci\u00f3n de  <span style=\"color:#12284c\">funcionalidades<\/span><\/h2>\r\n  <p>A\u00f1adimos todo lo que necesites: formularios personalizados, pasarelas de pago, blogs, \u00e1reas privadas, sistemas de reservas, chats y mucho m\u00e1s.<\/p>\r\n<\/div>\r\n\r\n<div class=\"bloque-servicio\">\r\n  <h2>\/optimizaci\u00f3n t\u00e9cnica y <span style=\"color:#12284c\">SEO<\/span><\/h2>\r\n  <p>Tu web estar\u00e1 preparada para posicionar mejor desde el inicio: tiempos de carga optimizados, estructura adecuada y buenas pr\u00e1cticas SEO.<\/p>\r\n<\/div>\r\n\r\n<div class=\"bloque-servicio\">\r\n  <h2>\/mantenimiento  <span style=\"color:#12284c\">web<\/span><\/h2>\r\n  <p>Nos encargamos de que tu web est\u00e9 siempre actualizada, segura y funcionando sin interrupciones. Actualizaciones, copias de seguridad y soporte continuo.<\/p>\r\n<\/div>\r\n\r\n<div class=\"bloque-servicio\">\r\n  <h2>\/tiendas online  <span style=\"color:#12284c\">E-commerce<\/span><\/h2>\r\n  <p>Creamos comercios electr\u00f3nicos preparados para vender desde el primer d\u00eda: cat\u00e1logo, productos, pagos seguros y autogesti\u00f3n sencilla.<\/p>\r\n<\/div>\r\n\t\t\t\t<\/div>\n\t\t\t\t<\/div>\n\t\t\t\t<\/div>\n\t\t","protected":false},"excerpt":{"rendered":"<p>agencia des arrollo dise\u00f1oweb creativa Cuando todos crean p\u00e1ginas, nosotros construimos experiencias. Webs que nacen del prop\u00f3sito y crecen en cada interacci\u00f3n. Facebook X-twitter Linkedin Instagram Creamos p\u00e1ginas web que no solo se ven bien, sino que funcionan, conectan y convierten. Dise\u00f1amos experiencias digitales pensadas para impulsar tu marca y facilitar el crecimiento de tu [&hellip;]<\/p>\n","protected":false},"author":1,"featured_media":0,"parent":0,"menu_order":0,"comment_status":"closed","ping_status":"closed","template":"elementor_header_footer","meta":{"_eb_attr":"","footnotes":""},"class_list":["post-2125","page","type-page","status-publish","hentry"],"_links":{"self":[{"href":"https:\/\/pruebas.dosesferascomunicacion.com\/index.php\/wp-json\/wp\/v2\/pages\/2125","targetHints":{"allow":["GET"]}}],"collection":[{"href":"https:\/\/pruebas.dosesferascomunicacion.com\/index.php\/wp-json\/wp\/v2\/pages"}],"about":[{"href":"https:\/\/pruebas.dosesferascomunicacion.com\/index.php\/wp-json\/wp\/v2\/types\/page"}],"author":[{"embeddable":true,"href":"https:\/\/pruebas.dosesferascomunicacion.com\/index.php\/wp-json\/wp\/v2\/users\/1"}],"replies":[{"embeddable":true,"href":"https:\/\/pruebas.dosesferascomunicacion.com\/index.php\/wp-json\/wp\/v2\/comments?post=2125"}],"version-history":[{"count":52,"href":"https:\/\/pruebas.dosesferascomunicacion.com\/index.php\/wp-json\/wp\/v2\/pages\/2125\/revisions"}],"predecessor-version":[{"id":2372,"href":"https:\/\/pruebas.dosesferascomunicacion.com\/index.php\/wp-json\/wp\/v2\/pages\/2125\/revisions\/2372"}],"wp:attachment":[{"href":"https:\/\/pruebas.dosesferascomunicacion.com\/index.php\/wp-json\/wp\/v2\/media?parent=2125"}],"curies":[{"name":"wp","href":"https:\/\/api.w.org\/{rel}","templated":true}]}}